{"id":73,"date":"2024-01-14T21:13:42","date_gmt":"2024-01-14T21:13:42","guid":{"rendered":"https:\/\/adamhajossydedic.com\/?page_id=73"},"modified":"2026-02-05T23:54:14","modified_gmt":"2026-02-05T23:54:14","slug":"home","status":"publish","type":"page","link":"https:\/\/adamhajossydedic.com\/","title":{"rendered":"home"},"content":{"rendered":"<div id=\"pl-73\"  class=\"panel-layout\" ><div id=\"pg-73-0\"  class=\"panel-grid panel-has-style\" ><div class=\"siteorigin-panels-stretch panel-row-style panel-row-style-for-73-0\" data-stretch-type=\"full\" ><div id=\"pgc-73-0-0\"  class=\"panel-grid-cell\" ><div id=\"panel-73-0-0-0\" class=\"so-panel widget widget_sow-editor panel-first-child panel-last-child\" data-index=\"0\" ><div\n\t\t\t\n\t\t\tclass=\"so-widget-sow-editor so-widget-sow-editor-base\"\n\t\t\t\n\t\t>\n<div class=\"siteorigin-widget-tinymce textwidget\">\n\t<h2><span style=\"text-decoration: underline;\">Biography<\/span><\/h2>\n<\/div>\n<\/div><\/div><\/div><\/div><\/div><div id=\"pg-73-1\"  class=\"panel-grid panel-no-style\" ><div id=\"pgc-73-1-0\"  class=\"panel-grid-cell\" ><div id=\"panel-73-1-0-0\" class=\"so-panel widget widget_text panel-first-child panel-last-child\" data-index=\"1\" >\t\t\t<div class=\"textwidget\"><p style=\"text-align: left;\"><b><a href=\"https:\/\/wikitia.com\/wiki\/Adam_Haj%C3%B3ssy_Dedi%C4%8D\">Adam Hajossy Dedic<\/a>, M.Mus., DiS (b. 1987)<\/b><span style=\"font-weight: 400;\"> is a multiple award-winning professional concert and film score composer based in New York City, known for his inventive orchestral writing and a distinctive compositional voice rooted in European modernism and folklorism. He began his musical studies in Copenhagen and earned a six-year diploma from the Prague Conservatory with a rare triple major in Composition, Conducting, and Piano Performance. He holds a Master of Music in Composition from Brooklyn College (with Douglas Geers, Jason Eckardt, and Tania Le\u00f3n and a Professional Studies Diploma from the Manhattan School of Music, where he studied under Raiko F\u00fcting.<\/span><\/p>\n<p style=\"text-align: left;\"><span style=\"font-weight: 400;\">Orchestral music lies at the core of Dedic\u2019s artistic practice. His works have been performed by the <\/span><b>Krak\u00f3w Philharmonic Orchestra<\/b><span style=\"font-weight: 400;\">, <\/span><b>Plze\u0148 Philharmonic Orchestra<\/b><span style=\"font-weight: 400;\">, <\/span><b>Northern Czech Philharmonic Orchestra<\/b><span style=\"font-weight: 400;\">, <\/span><b>Prague Chamber Orchestra<\/b><span style=\"font-weight: 400;\">, and the <\/span><b>Brooklyn College Orchestra<\/b><span style=\"font-weight: 400;\">. His orchestral catalog includes large-scale works such as <\/span><i><span style=\"font-weight: 400;\">Symphony No. 1<\/span><\/i><span style=\"font-weight: 400;\">, <\/span><i><span style=\"font-weight: 400;\">Fantasy for Four-Handed Piano and Orchestra<\/span><\/i><span style=\"font-weight: 400;\">, <\/span><i><span style=\"font-weight: 400;\">Aries Overture<\/span><\/i><span style=\"font-weight: 400;\">, <\/span><i><span style=\"font-weight: 400;\">The Destructors<\/span><\/i><span style=\"font-weight: 400;\">, <\/span><i><span style=\"font-weight: 400;\">Legend: Year-long Odyssey for solo Organ (Musiikkitalo Organ) and Orchestra, Den Sista Pastoralsymfonin (The Last Pastoral Symphony), <\/span><\/i><span style=\"font-weight: 400;\">and<\/span><i><span style=\"font-weight: 400;\"> Kr\u00e1\u013e \u010casu (Time King),<\/span><\/i><span style=\"font-weight: 400;\"> characterized by bold harmonic language, textural contrast, and rhythmic complexity.<\/span><\/p>\n<p style=\"text-align: left;\"><span style=\"font-weight: 400;\">Central to Dedic\u2019s recent work is <\/span><i><span style=\"font-weight: 400;\">Arrythmism<\/span><\/i><span style=\"font-weight: 400;\">, a personal aesthetic that explores temporal instability, asymmetrical phrasing, perceptual dissonance, and the introduction of time warping in music. Drawing from spectral techniques and post-serial fragmentation, <\/span><i><span style=\"font-weight: 400;\">Arrythmism<\/span><\/i><span style=\"font-weight: 400;\"> manipulates rhythm as a fluid. It&#8217;s an expressive tool that often blends pulse disruptions, shifting metric fields, and controls elastic timing within musical fractal geometry.<\/span><\/p>\n<\/div>\n\t\t<\/div><\/div><\/div><div id=\"pg-73-2\"  class=\"panel-grid panel-has-style\" ><div class=\"siteorigin-panels-stretch panel-row-style panel-row-style-for-73-2\" data-stretch-type=\"full\" ><div id=\"pgc-73-2-0\"  class=\"panel-grid-cell\" ><div id=\"panel-73-2-0-0\" class=\"so-panel widget widget_sow-editor panel-first-child panel-last-child\" data-index=\"2\" ><div\n\t\t\t\n\t\t\tclass=\"so-widget-sow-editor so-widget-sow-editor-base\"\n\t\t\t\n\t\t>\n<div class=\"siteorigin-widget-tinymce textwidget\">\n\t<h4>Awards<\/h4>\n<ul>\n<li>3rd place in the Busan Choral Festival Competition (BCFC), Korea (2023)<\/li>\n<li>1st place in the 54th annual Music Festival Anton\u00edn Dvo\u0159\u00e1k Composer\u2019s Competition in Pribram, Czechia. (2023)<\/li>\n<li>Finalist in Joe Hisaishi\u2019s 4th Young Composers' Competition, Tokyo (2022)<\/li>\n<li>Honorary mention in the 52nd annual Music Festival Anton\u00edn Dvo\u0159\u00e1k Composer\u2019s Competition in Pribram, Czechia. (2021)<\/li>\n<li>Morton Feldman Award for Excellence in Composition (2019)<\/li>\n<li>1st place in a Slovenian Composers Competition to Perform With the Krak\u00f3w Philharmonic Orchestra. (2016)<\/li>\n<li>1st place, with Song cycle \u201cFor Friends\u201d for Bass voice and piano at an International Song Competition, Denmark (2015)<\/li>\n<li>1st place in the first category of the Talent of Prague 5 in 2014<\/li>\n<li>Best performed composition from a modern composer in Anton\u00edn Dvo\u0159\u00e1k's International Singing Competition Carlsbad (2012)<\/li>\n<\/ul>\n<\/div>\n<\/div><\/div><\/div><div id=\"pgc-73-2-1\"  class=\"panel-grid-cell\" ><div id=\"panel-73-2-1-0\" class=\"so-panel widget widget_sow-editor panel-first-child panel-last-child\" data-index=\"3\" ><div\n\t\t\t\n\t\t\tclass=\"so-widget-sow-editor so-widget-sow-editor-base\"\n\t\t\t\n\t\t>\n<div class=\"siteorigin-widget-tinymce textwidget\">\n\t<h4>Concerts<\/h4>\n<ul>\n<li>Dresden Philharmonic Choir\u00a0 - Choirmaster: <a href=\"https:\/\/www.dresdnerphilharmonie.de\/de\/dresdner-philharmonie\/biografien\/iris-geissler\/\">Iris Gei\u00dfler<\/a> (21st May 2024)<\/li>\n<li>Contemporary Performance Program (CPP) II collaborations (On-line May 13, 2020)<\/li>\n<li>Manhattan School of Music Chamber Ensemble - conducted by <a href=\"https:\/\/www.derekcoopercomposer.com\/\">Derek Cooper<\/a> (15th of November 2019)<\/li>\n<li>Brooklyn College Orchestra - conducted by <a href=\"https:\/\/www.brooklyn.edu\/faculty-staff\/george-rothman\/\">George Rothman<\/a> (17th of May 2018)<\/li>\n<li>Brooklyn Contemporary Ensemble (13th of December 2017)<\/li>\n<li>Central German Chamber Philharmonic Orchestra - conducted by <a href=\"http:\/\/www.olivieri-munroe.com\/\">Charles Olivieri-Munroe<\/a> (17th of March 2017)<\/li>\n<li>Krakow Philharmonic Orchestra - conducted by <a href=\"http:\/\/www.olivieri-munroe.com\/\">Charles Olivieri-Munroe<\/a> (5th of July 2016)<\/li>\n<li>The North Czech Philharmonic Orchestra Teplice - conducted by <a href=\"http:\/\/www.olivieri-munroe.com\/\">Charles Olivieri-Munroe<\/a> (22nd of October 2015)<\/li>\n<li>Prague Chamber Philharmonic Orchestra - <em>Talent of Prague 5<\/em> \u2013 conducted by <a href=\"http:\/\/www.leossvarovsky.com\">Leo\u0161 Sv\u00e1rovsk\u00fd<\/a> (17th of March 2015)<\/li>\n<li>Prague International Conservatory Orchestra - conducted by Jan Pellant (28th of May 2014)<\/li>\n<\/ul>\n<\/div>\n<\/div><\/div><\/div><\/div><\/div><div id=\"pg-73-3\"  class=\"panel-grid panel-has-style\" ><div class=\"siteorigin-panels-stretch panel-row-style panel-row-style-for-73-3\" data-stretch-type=\"full\" ><div id=\"pgc-73-3-0\"  class=\"panel-grid-cell\" ><div id=\"panel-73-3-0-0\" class=\"so-panel widget widget_sow-editor panel-first-child panel-last-child\" data-index=\"4\" ><div class=\"so-rounded panel-widget-style panel-widget-style-for-73-3-0-0\" ><div\n\t\t\t\n\t\t\tclass=\"so-widget-sow-editor so-widget-sow-editor-base\"\n\t\t\t\n\t\t>\n<div class=\"siteorigin-widget-tinymce textwidget\">\n\t<h2><span style=\"text-decoration: underline;\">Education<\/span><\/h2>\n<\/div>\n<\/div><\/div><\/div><\/div><\/div><\/div><div id=\"pg-73-4\"  class=\"panel-grid panel-has-style\" ><div class=\"siteorigin-panels-stretch panel-row-style panel-row-style-for-73-4\" data-stretch-type=\"full\" ><div id=\"pgc-73-4-0\"  class=\"panel-grid-cell\" ><div id=\"panel-73-4-0-0\" class=\"so-panel widget widget_sow-editor panel-first-child panel-last-child\" data-index=\"5\" ><div\n\t\t\t\n\t\t\tclass=\"so-widget-sow-editor so-widget-sow-editor-base\"\n\t\t\t\n\t\t>\n<div class=\"siteorigin-widget-tinymce textwidget\">\n\t<h4>First &amp; Second Diploma Specialist Degree<\/h4>\n<p>International Conservatory, Prague, Czechia, 2008 \u2013 2014<br \/>\nMajor: Piano &amp; Conducting, with a pedagogical focus on piano and conducting. A six-year-long education, similar to a Bachelor's degree. Finished with honors.<\/p>\n<\/div>\n<\/div><\/div><\/div><div id=\"pgc-73-4-1\"  class=\"panel-grid-cell\" ><div id=\"panel-73-4-1-0\" class=\"so-panel widget widget_sow-editor panel-first-child panel-last-child\" data-index=\"6\" ><div\n\t\t\t\n\t\t\tclass=\"so-widget-sow-editor so-widget-sow-editor-base\"\n\t\t\t\n\t\t>\n<div class=\"siteorigin-widget-tinymce textwidget\">\n\t<h4>Third Diploma Specialist Degree<\/h4>\n<p>Prague Conservatory, Prague, Czechia,\u00a0 2014 \u2013 2016<br \/>\nMajor: Composition, with a pedagogical focus on theory and composition. Finished with honors.<\/p>\n<\/div>\n<\/div><\/div><\/div><div id=\"pgc-73-4-2\"  class=\"panel-grid-cell\" ><div id=\"panel-73-4-2-0\" class=\"so-panel widget widget_sow-editor panel-first-child panel-last-child\" data-index=\"7\" ><div\n\t\t\t\n\t\t\tclass=\"so-widget-sow-editor so-widget-sow-editor-base\"\n\t\t\t\n\t\t>\n<div class=\"siteorigin-widget-tinymce textwidget\">\n\t<h4>Master's Degree<\/h4>\n<p>&nbsp;<br \/>\nBrooklyn College - Conservatory of Music, NY, USA, 2017 \u2013 2019<br \/>\nMajor: Composition. Finished with a Grade Point Average of 3.8. Received Morton Feldman Award for excellence in composition (2019)<\/p>\n<\/div>\n<\/div><\/div><\/div><div id=\"pgc-73-4-3\"  class=\"panel-grid-cell\" ><div id=\"panel-73-4-3-0\" class=\"so-panel widget widget_sow-editor panel-first-child panel-last-child\" data-index=\"8\" ><div\n\t\t\t\n\t\t\tclass=\"so-widget-sow-editor so-widget-sow-editor-base\"\n\t\t\t\n\t\t>\n<div class=\"siteorigin-widget-tinymce textwidget\">\n\t<h4>Professional Degree<\/h4>\n<p>&nbsp;<br \/>\nManhattan School of Music, NY, USA,<br \/>\n2019 \u2013 2020<br \/>\nMajor: Composition. Finished with a Grade Point Average of 3.8<\/p>\n<\/div>\n<\/div><\/div><\/div><\/div><\/div><div id=\"pg-73-5\"  class=\"panel-grid panel-has-style\" ><div class=\"so-rounded panel-row-style panel-row-style-for-73-5\" ><div id=\"pgc-73-5-0\"  class=\"panel-grid-cell\" ><div class=\"so-rounded panel-cell-style panel-cell-style-for-73-5-0\" ><div id=\"panel-73-5-0-0\" class=\"so-panel widget widget_sow-social-media-buttons panel-first-child panel-last-child\" data-index=\"9\" ><div class=\"so-rounded panel-widget-style panel-widget-style-for-73-5-0-0\" ><div\n\t\t\t\n\t\t\tclass=\"so-widget-sow-social-media-buttons so-widget-sow-social-media-buttons-atom-56253acbbd16-73\"\n\t\t\t\n\t\t>\n\n<div class=\"social-media-button-container\">\n\t\n\t\t<a \n\t\tclass=\"ow-button-hover sow-social-media-button-envelope-0 sow-social-media-button\" title=\"Email\" aria-label=\"Email\" target=\"_blank\" rel=\"noopener noreferrer\" href=\"mailto:%20dedic.adam@hotmail.com\" \t\t>\n\t\t\t<span>\n\t\t\t\t\t\t\t\t<span class=\"sow-icon-fontawesome sow-fas\" data-sow-icon=\"&#xf0e0;\"\n\t\t \n\t\taria-hidden=\"true\"><\/span>\t\t\t\t\t\t\t<\/span>\n\t\t<\/a>\n\t\n\t\t<a \n\t\tclass=\"ow-button-hover sow-social-media-button-facebook-0 sow-social-media-button\" title=\"Facebook\" aria-label=\"Facebook\" target=\"_blank\" rel=\"noopener noreferrer\" href=\"https:\/\/www.facebook.com\/adam.h.dedic\" \t\t>\n\t\t\t<span>\n\t\t\t\t\t\t\t\t<span class=\"sow-icon-fontawesome sow-fab\" data-sow-icon=\"&#xf39e;\"\n\t\t \n\t\taria-hidden=\"true\"><\/span>\t\t\t\t\t\t\t<\/span>\n\t\t<\/a>\n\t\n\t\t<a \n\t\tclass=\"ow-button-hover sow-social-media-button-imdb-0 sow-social-media-button\" title=\"IMDb\" aria-label=\"IMDb\" target=\"_blank\" rel=\"noopener noreferrer\" href=\"https:\/\/www.imdb.com\/name\/nm6347208\/\" \t\t>\n\t\t\t<span>\n\t\t\t\t\t\t\t\t<span class=\"sow-icon-fontawesome sow-fab\" data-sow-icon=\"&#xf2d8;\"\n\t\t \n\t\taria-hidden=\"true\"><\/span>\t\t\t\t\t\t\t<\/span>\n\t\t<\/a>\n\t\n\t\t<a \n\t\tclass=\"ow-button-hover sow-social-media-button-linkedin-0 sow-social-media-button\" title=\"Adam Hajossy Dedic on Linkedin\" aria-label=\"Adam Hajossy Dedic on Linkedin\" target=\"_blank\" rel=\"noopener noreferrer\" href=\"https:\/\/www.linkedin.com\/in\/adam-hajossy-dedic\/\" \t\t>\n\t\t\t<span>\n\t\t\t\t\t\t\t\t<span class=\"sow-icon-fontawesome sow-fab\" data-sow-icon=\"&#xf0e1;\"\n\t\t \n\t\taria-hidden=\"true\"><\/span>\t\t\t\t\t\t\t<\/span>\n\t\t<\/a>\n\t\n\t\t<a \n\t\tclass=\"ow-button-hover sow-social-media-button-instagram-0 sow-social-media-button\" title=\"Instagram\" aria-label=\"Instagram\" target=\"_blank\" rel=\"noopener noreferrer\" href=\"https:\/\/www.instagram.com\/adam.hajossy.dedic\/\" \t\t>\n\t\t\t<span>\n\t\t\t\t\t\t\t\t<span class=\"sow-icon-fontawesome sow-fab\" data-sow-icon=\"&#xf16d;\"\n\t\t \n\t\taria-hidden=\"true\"><\/span>\t\t\t\t\t\t\t<\/span>\n\t\t<\/a>\n\t\n\t\t<a \n\t\tclass=\"ow-button-hover sow-social-media-button-youtube-0 sow-social-media-button\" title=\"YouTube\" aria-label=\"YouTube\" target=\"_blank\" rel=\"noopener noreferrer\" href=\"https:\/\/www.youtube.com\/@adamdedic9063\" \t\t>\n\t\t\t<span>\n\t\t\t\t\t\t\t\t<span class=\"sow-icon-fontawesome sow-fab\" data-sow-icon=\"&#xf167;\"\n\t\t \n\t\taria-hidden=\"true\"><\/span>\t\t\t\t\t\t\t<\/span>\n\t\t<\/a>\n\t\n\t\t<a \n\t\tclass=\"ow-button-hover sow-social-media-button-soundcloud-0 sow-social-media-button\" title=\"Soundcloud\" aria-label=\"Soundcloud\" target=\"_blank\" rel=\"noopener noreferrer\" href=\"https:\/\/soundcloud.com\/dedic-adam\/sets\" \t\t>\n\t\t\t<span>\n\t\t\t\t\t\t\t\t<span class=\"sow-icon-fontawesome sow-fab\" data-sow-icon=\"&#xf1be;\"\n\t\t \n\t\taria-hidden=\"true\"><\/span>\t\t\t\t\t\t\t<\/span>\n\t\t<\/a>\n\t\n\t\t<a \n\t\tclass=\"ow-button-hover sow-social-media-button-spotify-0 sow-social-media-button\" title=\"Adam Hajossy Dedic on Spotify\" aria-label=\"Adam Hajossy Dedic on Spotify\" target=\"_blank\" rel=\"noopener noreferrer\" href=\"https:\/\/open.spotify.com\/artist\/3zIGJ4cAqzIdSGR7HrlXzx?si=1hPuKTTLS1WbQBaqcs_SnQ\" \t\t>\n\t\t\t<span>\n\t\t\t\t\t\t\t\t<span class=\"sow-icon-fontawesome sow-fab\" data-sow-icon=\"&#xf1bc;\"\n\t\t \n\t\taria-hidden=\"true\"><\/span>\t\t\t\t\t\t\t<\/span>\n\t\t<\/a>\n\t<\/div>\n<\/div><\/div><\/div><\/div><\/div><\/div><\/div><\/div>","protected":false},"excerpt":{"rendered":"<p>Biography Adam Hajossy Dedic, M.Mus., DiS (b. 1987) is a multiple award-winning professional concert and film score composer based in New York City, known for his inventive orchestral writing and a distinctive compositional voice rooted in European modernism and folklorism. He began his musical studies in Copenhagen and earned a six-year diploma from the Prague<\/p>\n<div class=\"more-link\">\n\t\t\t\t <a href=\"https:\/\/adamhajossydedic.com\/\" class=\"link-btn theme-btn\"><span>Read More <\/span> <i class=\"fa fa-caret-right\"><\/i><\/a>\n\t\t\t<\/div>\n","protected":false},"author":1,"featured_media":0,"parent":0,"menu_order":0,"comment_status":"closed","ping_status":"closed","template":"","meta":{"_monsterinsights_skip_tracking":false,"_monsterinsights_sitenote_active":false,"_monsterinsights_sitenote_note":"","_monsterinsights_sitenote_category":0,"_uf_show_specific_survey":0,"_uf_disable_surveys":false,"footnotes":""},"class_list":["post-73","page","type-page","status-publish","hentry"],"aioseo_notices":[],"_links":{"self":[{"href":"https:\/\/adamhajossydedic.com\/index.php?rest_route=\/wp\/v2\/pages\/73","targetHints":{"allow":["GET"]}}],"collection":[{"href":"https:\/\/adamhajossydedic.com\/index.php?rest_route=\/wp\/v2\/pages"}],"about":[{"href":"https:\/\/adamhajossydedic.com\/index.php?rest_route=\/wp\/v2\/types\/page"}],"author":[{"embeddable":true,"href":"https:\/\/adamhajossydedic.com\/index.php?rest_route=\/wp\/v2\/users\/1"}],"replies":[{"embeddable":true,"href":"https:\/\/adamhajossydedic.com\/index.php?rest_route=%2Fwp%2Fv2%2Fcomments&post=73"}],"version-history":[{"count":82,"href":"https:\/\/adamhajossydedic.com\/index.php?rest_route=\/wp\/v2\/pages\/73\/revisions"}],"predecessor-version":[{"id":486,"href":"https:\/\/adamhajossydedic.com\/index.php?rest_route=\/wp\/v2\/pages\/73\/revisions\/486"}],"wp:attachment":[{"href":"https:\/\/adamhajossydedic.com\/index.php?rest_route=%2Fwp%2Fv2%2Fmedia&parent=73"}],"curies":[{"name":"wp","href":"https:\/\/api.w.org\/{rel}","templated":true}]}}